what is -2ac27 + 1?
-2ac26
In base 8, what is 75734 + 10?
75744
In base 6, what is -1042 - -43?
-555
In base 10, what is -5 - 82193?
-82198
In base 10, what is 283 + -3290?
-3007
In base 5, what is -2023303 - 230?
-2024033
In base 8, what is -5651451 - 4?
-5651455
In base 3, what is 10 - 112111?
-112101
In base 16, what is -38 - 34d7?
-350f
In base 11, what is 475aa0 - -2?
475aa2
In base 2, what is -111001010111111000100 + 100?
-111001010111111000000
In base 7, what is 4 + -310501?
-310464
In base 10, what is -101858 + 26?
-101832
In base 4, what is -221121111 + -13?
-221121130
In base 6, what is -500 - 1431?
-2331
In base 12, what is 14 - -2b56?
2b6a
In base 13, what is 2b7 - -6a1?
988
In base 5, what is -2 + -4443230?
-4443232
In base 7, what is -1116506 - 1?
-1116510
In base 3, what is -10012002 + -100?
-10012102
In base 9, what is -102 - 25758?
-25861
In base 14, what is 4 - 8258?
-8254
In base 2, what is 10011101 - 10011011000?
-10000111011
In base 11, what is -1314 - 276?
-158a
In base 12, what is 17 + 202?
219
In base 5, what is -141 + -302332?
-303023
In base 4, what is 30303 + -2000?
22303
In base 13, what is -16 - -65b?
645
In base 4, what is -1131233 + -2201?
-1200100
In base 5, what is 1434 - 34011?
-32022
In base 7, what is 10 + -436621?
-436611
In base 13, what is 94853 + 4?
94857
In base 11, what is 25884 - 0?
25884
In base 5, what is -303332 + 4?
-303323
In base 14, what is 114a9 + 3?
114ac
In base 9, what is -32 - 1051?
-1083
In base 11, what is -5229 + 13?
-5216
In base 3, what is -11100202 + 21001?
-11002201
In base 6, what is 3 - 11050135?
-11050132
In base 8, what is -717 + 117?
-600
In base 6, what is -100 + 4412535?
4412435
In base 11, what is -183144 + -3?
-183147
In base 15, what is -1c - 3?
-20
In base 15, what is 7 - -21807?
2180e
In base 11, what is 741 + -54?
698
In base 4, what is 20322002 + 11?
20322013
In base 7, what is -21635103 + 2?
-21635101
In base 4, what is -12212 + -132202?
-211020
In base 11, what is -35 - -740?
706
In base 6, what is 21242 - 3?
21235
In base 3, what is -12100211122 - 12?
-12100211211
In base 9, what is -36 - -2728?
2682
In base 12, what is 760 + -18?
744
In base 14, what is -33d50a + -2?
-33d50c
In base 10, what is -2250 - 12?
-2262
In base 6, what is 5 + -32232542?
-32232533
In base 13, what is -a0 + -4388?
-4458
In base 2, what is -11 - 110110111101010?
-110110111101101
In base 3, what is -1002102102 + -112?
-1002102221
In base 2, what is -110110000 + 111100?
-101110100
In base 16, what is -8a2b + 9?
-8a22
In base 2, what is -100101100001 + -10010?
-100101110011
In base 3, what is 11020 + 101020?
112110
In base 13, what is 46 + -281c0?
-28177
In base 12, what is -11080 + -1?
-11081
In base 4, what is -10103 - -1201?
-2302
In base 9, what is 1134 - 188?
835
In base 12, what is -3 - -3720?
3719
In base 13, what is -170695 + -1?
-170696
In base 9, what is 6 - -25281?
25287
In base 3, what is -2 - -200101101201?
200101101122
In base 2, what is 10111110 + -111100101?
-100100111
In base 11, what is -59a + 6?
-594
In base 11, what is -5 - 5746?
-5750
In base 4, what is -2 + 2133033?
2133031
In base 8, what is -3222 + 222?
-3000
In base 3, what is 111 - -1021011022?
1021011210
In base 12, what is 42ab0 - 0?
42ab0
In base 16, what is -5 - 4345?
-434a
In base 5, what is -4144242 + -3?
-4144300
In base 7, what is 344 + -341?
3
In base 5, what is 4 + 104241?
104300
In base 5, what is -32223 - 104114?
-141342
In base 13, what is 0 + 2c1?
2c1
In base 6, what is -3 + -501232?
-501235
In base 10, what is 1 + 14457?
14458
In base 11, what is 1 - 41668?
-41667
In base 3, what is 12220121112010 + 1?
12220121112011
In base 12, what is 2 + -8280?
-827a
In base 11, what is -135a73 - -4?
-135a6a
In base 10, what is -4 + -126346?
-126350
In base 13, what is -12008 + -3?
-1200b
In base 8, what is -3637 + 67?
-3550
In base 14, what is -323 + 17?
-30a
In base 2, what is -10010 + -1001010000101001?
-1001010000111011
In base 8, what is 1457 + 101?
1560
In base 15, what is -713 + 88?
-67a
In base 16, what is 36 - -4e2?
518
In base 12, what is 30 - -11aa9?
11b19
In base 9, what is -13138 - 20?
-13158
In base 8, what is -156 - 333?
-511
In base 14, what is 6 + -6384?
-637c
In base 16, what is -89e4 + -2?
-89e6
In base 10, what is -5 - -7597?
7592
In base 13, what is 5a777 + 0?
5a777
In base 8, what is 5527 + -62?
5445
In base 14, what is -3 + -6799?
-679c
In base 3, what is -1002 + 10200110?
10122101
In base 11, what is -1a + 4a95?
4a76
In base 3, what is 1 - -1022001011011?
1022001011012
In base 16, what is 3cc7c + 1?
3cc7d
In base 12, what is -4 - 670b?
-6713
In base 8, what is 2555333 + 5?
2555340
In base 14, what is -22 - -12a?
108
In base 6, what is -3 + -52214?
-52221
In base 5, what is 144 + 331310?
332004
In base 8, what is -3 + -111405?
-111410
In base 13, what is -b + 4a1c?
4a11
In base 12, what is 524 + -477?
69
In base 13, what is -7b5 + 16?
-79c
In base 5, what is 13340 + -30?
13310
In base 10, what is -3227 - -3?
-3224
In base 8, what is -5 - 2573?
-2600
In base 8, what is 10 + -37520?
-37510
In base 6, what is -1 - 31001223?
-31001224
In base 3, what is 1000210 + -110?
1000100
In base 16, what is 247 + 28?
26f
In base 11, what is 2 + 904?
906
In base 15, what is -5 - -1d49?
1d44
In base 10, what is -17451 - -338?
-17113
In base 2, what is -1010010 + 100110101110011?
100110100100001
In base 6, what is 4 + -103555225?
-103555221
In base 2, what is -1111 - -1010101100111000?
1010101100101001
In base 5, what is 343330 - 121?
343204
In base 9, what is -2415 + 130?
-2275
In base 2, what is -10101010100010 + 100?
-10101010011110
In base 8, what is 1177 + 3323?
4522
In base 9, what is -716 + 0?
-716
In base 2, what is -11 - 100000110111010111?
-100000110111011010
In base 11, what is -131418 - 7?
-131424
In base 10, what is -451 + 1?
-450
In base 2, what is 1101010000111 - -1000?
1101010001111
In base 9, what is 20 - -5051?
5071
In base 8, what is 247725 - -6?
247733
In base 13, what is 202738 - 5?
202733
In base 15, what is -6a0 - -b8?
-5d7
In base 16, what is 6d + -634?
-5c7
In base 13, what is 11 - -641c?
6430
In base 5, what is 312 + 103441?
104303
In base 16, what is -4 + 401e?
401a
In base 4, what is -32 - 3113333?
-3120031
In base 3, what is -1101101002 + -110?
-1101101112
In base 4, what is -12201320 - -312?
-12201002
In base 3, what is -1200021022 - 1100?
-1200022122
In base 12, what is 2 + -56759?
-56757
In base 15, what is -9d583 + -5?
-9d588
In base 2, what is 101 - -11111101101100?
11111101110001
In base 16, what is 2b2 + 60c?
8be
In base 6, what is -1222533 + -120?
-1223053
In base 5, what is -131244 - 11234?
-143033
In base 3, what is -10210 - -1011?
-2122
In base 6, what is 12305 + -24?
12241
In base 5, what is -210 - 212034?
-212244
In base 15, what is -9 + -b5b?
-b65
In base 6, what is -3001 - -4144?
1143
In base 7, what is 114240 + 1?
114241
In base 7, what is 11425 - -364?
12122
In base 6, what is 12 - 5325?
-5313
In base 6, what is 2055 - 103?
1552
In base 2, what is 100011011100111 + 11101?
100011100000100
In base 9, what is -1332204 - -1?
-1332203
In base 6, what is -4145324 + 4?
-4145320
In base 8, what is -5 + -15521?
-15526
In base 5, what is -30 + -2340300?
-2340330
In base 9, what is 18 + -3483?
-3464
In base 11, what is a5 - -90a?
a04
In base 4, what is 21013 + -122?
20231
In base 14, what is -7 + 39495?
3948c
In base 6, what is -154 + -155412?
-200010
In base 2, what is -1011001011 + 1001010010?
-1111001
In base 7, what is -13120 + 6?
-13111
In base 15, what is 5d9 - 8?
5d1
In base 14, what is -5 - -714bd?
714b8
In base 4, what is -133033 - -20?
-133013
In base 10, what is -5 - 119011?
-119016
In base 16, what is -52ce - 20?
-52ee
In base 3, what is 222 - -211120?
212112
In base 5, what is -412043 + -113?
-412211
In base 15, what is -1b6a + 199?
-19c1
In base 7, what is -261 - 3610?
-4201
In base 8, what is 5 + 43032?
43037
In base 15, what is 477 + 26d?
6e5
In base 2, what is 101 + 10001000010000111?
10001000010001100
In base 14, what is -23995 - 19?
-239b0
In base 9, what is -1 - -110228?
110227
In base 15, what is 0 - -991?
991
In base 4, what is 31 - -1031132?
1031223
In base 7, what is 1132 - -40?
1202
In base 16, what is 46 + -35e?
-318
In base 2, what is 100 - -110110